{"id":163,"date":"2022-11-22T20:23:31","date_gmt":"2022-11-22T20:23:31","guid":{"rendered":"https:\/\/kunstpavillon.dk\/?page_id=163"},"modified":"2022-11-22T20:37:06","modified_gmt":"2022-11-22T20:37:06","slug":"kunstpavillon-dk","status":"publish","type":"page","link":"https:\/\/kunstpavillon.dk\/?page_id=163","title":{"rendered":"Kunstpavillon.dk"},"content":{"rendered":"\n<figure class=\"wp-block-image size-full is-resized\"><img loading=\"lazy\" decoding=\"async\" src=\"https:\/\/kunstpavillon.dk\/wp-content\/uploads\/2022\/11\/kunstpavillon_dk.png\" alt=\"Aalborg Kunstpavillon p\u00e5 internettet\" class=\"wp-image-162\" width=\"352\" height=\"113\"\/><\/figure>\n\n\n\n<p>Verdens f\u00f8rste hjemmeside gik live den 20. december 1990 &#8211; i november 1999 fulgte Aalborg Kunstpavillon. Nedenfor er screenshots fra hhv. 1999, 2006 og 2011:<\/p>\n\n\n\n<figure class=\"wp-block-gallery has-nested-images columns-default is-cropped wp-block-gallery-1 is-layout-flex wp-block-gallery-is-layout-flex\">\n<figure class=\"wp-block-image size-large\"><a href=\"https:\/\/kunstpavillon.dk\/wp-content\/uploads\/2022\/11\/kunstpavillon.dk-1999-1.png\"><img loading=\"lazy\" decoding=\"async\" width=\"372\" height=\"390\" data-id=\"167\" src=\"https:\/\/kunstpavillon.dk\/wp-content\/uploads\/2022\/11\/kunstpavillon.dk-1999-1.png\" alt=\"\" class=\"wp-image-167\" srcset=\"https:\/\/kunstpavillon.dk\/wp-content\/uploads\/2022\/11\/kunstpavillon.dk-1999-1.png 372w, https:\/\/kunstpavillon.dk\/wp-content\/uploads\/2022\/11\/kunstpavillon.dk-1999-1-286x300.png 286w\" sizes=\"(max-width: 372px) 100vw, 372px\" \/><\/a><\/figure>\n\n\n\n<figure class=\"wp-block-image size-large\"><a href=\"https:\/\/kunstpavillon.dk\/wp-content\/uploads\/2022\/11\/kunstpavillon.dk-2006-1.png\"><img loading=\"lazy\" decoding=\"async\" width=\"417\" height=\"237\" data-id=\"169\" src=\"https:\/\/kunstpavillon.dk\/wp-content\/uploads\/2022\/11\/kunstpavillon.dk-2006-1.png\" alt=\"\" class=\"wp-image-169\" srcset=\"https:\/\/kunstpavillon.dk\/wp-content\/uploads\/2022\/11\/kunstpavillon.dk-2006-1.png 417w, https:\/\/kunstpavillon.dk\/wp-content\/uploads\/2022\/11\/kunstpavillon.dk-2006-1-300x171.png 300w\" sizes=\"(max-width: 417px) 100vw, 417px\" \/><\/a><\/figure>\n\n\n\n<figure class=\"wp-block-image size-large\"><a href=\"https:\/\/kunstpavillon.dk\/wp-content\/uploads\/2022\/11\/kunstpavillon.dk-2011-1.png\"><img loading=\"lazy\" decoding=\"async\" width=\"295\" height=\"277\" data-id=\"170\" src=\"https:\/\/kunstpavillon.dk\/wp-content\/uploads\/2022\/11\/kunstpavillon.dk-2011-1.png\" alt=\"\" class=\"wp-image-170\"\/><\/a><\/figure>\n<\/figure>\n","protected":false},"excerpt":{"rendered":"<p>Verdens f\u00f8rste hjemmeside gik live den 20. december 1990 &#8211; i november 1999 fulgte Aalborg Kunstpavillon. Nedenfor er screenshots fra hhv. 1999, 2006 og 2011:<\/p>\n","protected":false},"author":1,"featured_media":65,"parent":0,"menu_order":0,"comment_status":"open","ping_status":"closed","template":"page-no-separators","meta":{"footnotes":""},"class_list":["post-163","page","type-page","status-publish","has-post-thumbnail","hentry"],"yoast_head":"<!-- This site is optimized with the Yoast SEO plugin v19.12 - https:\/\/yoast.com\/wordpress\/plugins\/seo\/ -->\n<title>Kunstpavillon.dk - Aalborg Kunstpavillon<\/title>\n<meta name=\"description\" content=\"Aalborg Kunstpavillon var ogs\u00e5 synlig p\u00e5 www med sin f\u00f8rste website i 1999, der gennem \u00e5rene havde rigtig mange bes\u00f8gende.\" \/>\n<meta name=\"robots\" content=\"index, follow, max-snippet:-1, max-image-preview:large, max-video-preview:-1\" \/>\n<link rel=\"canonical\" href=\"https:\/\/kunstpavillon.dk\/?page_id=163\" \/>\n<meta property=\"og:locale\" content=\"da_DK\" \/>\n<meta property=\"og:type\" content=\"article\" \/>\n<meta property=\"og:title\" content=\"Kunstpavillon.dk - Aalborg Kunstpavillon\" \/>\n<meta property=\"og:description\" content=\"Aalborg Kunstpavillon var ogs\u00e5 synlig p\u00e5 www med sin f\u00f8rste website i 1999, der gennem \u00e5rene havde rigtig mange bes\u00f8gende.\" \/>\n<meta property=\"og:url\" content=\"https:\/\/kunstpavillon.dk\/?page_id=163\" \/>\n<meta property=\"og:site_name\" content=\"Aalborg Kunstpavillon\" \/>\n<meta property=\"article:modified_time\" content=\"2022-11-22T20:37:06+00:00\" \/>\n<meta property=\"og:image\" content=\"https:\/\/kunstpavillon.dk\/wp-content\/uploads\/2022\/11\/kunstpavillon-logo-1.jpg\" \/>\n\t<meta property=\"og:image:width\" content=\"995\" \/>\n\t<meta property=\"og:image:height\" content=\"1070\" \/>\n\t<meta property=\"og:image:type\" content=\"image\/jpeg\" \/>\n<meta name=\"twitter:card\" content=\"summary_large_image\" \/>\n<meta name=\"twitter:label1\" content=\"Estimeret l\u00e6setid\" \/>\n\t<meta name=\"twitter:data1\" content=\"1 minut\" \/>\n<script type=\"application\/ld+json\" class=\"yoast-schema-graph\">{\"@context\":\"https:\/\/schema.org\",\"@graph\":[{\"@type\":\"WebPage\",\"@id\":\"https:\/\/kunstpavillon.dk\/?page_id=163\",\"url\":\"https:\/\/kunstpavillon.dk\/?page_id=163\",\"name\":\"Kunstpavillon.dk - Aalborg Kunstpavillon\",\"isPartOf\":{\"@id\":\"https:\/\/kunstpavillon.dk\/#website\"},\"datePublished\":\"2022-11-22T20:23:31+00:00\",\"dateModified\":\"2022-11-22T20:37:06+00:00\",\"description\":\"Aalborg Kunstpavillon var ogs\u00e5 synlig p\u00e5 www med sin f\u00f8rste website i 1999, der gennem \u00e5rene havde rigtig mange bes\u00f8gende.\",\"breadcrumb\":{\"@id\":\"https:\/\/kunstpavillon.dk\/?page_id=163#breadcrumb\"},\"inLanguage\":\"da-DK\",\"potentialAction\":[{\"@type\":\"ReadAction\",\"target\":[\"https:\/\/kunstpavillon.dk\/?page_id=163\"]}]},{\"@type\":\"BreadcrumbList\",\"@id\":\"https:\/\/kunstpavillon.dk\/?page_id=163#breadcrumb\",\"itemListElement\":[{\"@type\":\"ListItem\",\"position\":1,\"name\":\"Hjem\",\"item\":\"https:\/\/kunstpavillon.dk\/\"},{\"@type\":\"ListItem\",\"position\":2,\"name\":\"Kunstpavillon.dk\"}]},{\"@type\":\"WebSite\",\"@id\":\"https:\/\/kunstpavillon.dk\/#website\",\"url\":\"https:\/\/kunstpavillon.dk\/\",\"name\":\"Aalborg Kunstpavillon\",\"description\":\"Digital scrapbog for 1981-2009\",\"publisher\":{\"@id\":\"https:\/\/kunstpavillon.dk\/#organization\"},\"potentialAction\":[{\"@type\":\"SearchAction\",\"target\":{\"@type\":\"EntryPoint\",\"urlTemplate\":\"https:\/\/kunstpavillon.dk\/?s={search_term_string}\"},\"query-input\":\"required name=search_term_string\"}],\"inLanguage\":\"da-DK\"},{\"@type\":\"Organization\",\"@id\":\"https:\/\/kunstpavillon.dk\/#organization\",\"name\":\"Aalborg Kunstpavillon\",\"url\":\"https:\/\/kunstpavillon.dk\/\",\"logo\":{\"@type\":\"ImageObject\",\"inLanguage\":\"da-DK\",\"@id\":\"https:\/\/kunstpavillon.dk\/#\/schema\/logo\/image\/\",\"url\":\"https:\/\/kunstpavillon.dk\/wp-content\/uploads\/2022\/11\/kunstpavillon-logo-1.jpg\",\"contentUrl\":\"https:\/\/kunstpavillon.dk\/wp-content\/uploads\/2022\/11\/kunstpavillon-logo-1.jpg\",\"width\":995,\"height\":1070,\"caption\":\"Aalborg Kunstpavillon\"},\"image\":{\"@id\":\"https:\/\/kunstpavillon.dk\/#\/schema\/logo\/image\/\"}}]}<\/script>\n<!-- \/ Yoast SEO plugin. -->","yoast_head_json":{"title":"Kunstpavillon.dk - Aalborg Kunstpavillon","description":"Aalborg Kunstpavillon var ogs\u00e5 synlig p\u00e5 www med sin f\u00f8rste website i 1999, der gennem \u00e5rene havde rigtig mange bes\u00f8gende.","robots":{"index":"index","follow":"follow","max-snippet":"max-snippet:-1","max-image-preview":"max-image-preview:large","max-video-preview":"max-video-preview:-1"},"canonical":"https:\/\/kunstpavillon.dk\/?page_id=163","og_locale":"da_DK","og_type":"article","og_title":"Kunstpavillon.dk - Aalborg Kunstpavillon","og_description":"Aalborg Kunstpavillon var ogs\u00e5 synlig p\u00e5 www med sin f\u00f8rste website i 1999, der gennem \u00e5rene havde rigtig mange bes\u00f8gende.","og_url":"https:\/\/kunstpavillon.dk\/?page_id=163","og_site_name":"Aalborg Kunstpavillon","article_modified_time":"2022-11-22T20:37:06+00:00","og_image":[{"width":995,"height":1070,"url":"https:\/\/kunstpavillon.dk\/wp-content\/uploads\/2022\/11\/kunstpavillon-logo-1.jpg","type":"image\/jpeg"}],"twitter_card":"summary_large_image","twitter_misc":{"Estimeret l\u00e6setid":"1 minut"},"schema":{"@context":"https:\/\/schema.org","@graph":[{"@type":"WebPage","@id":"https:\/\/kunstpavillon.dk\/?page_id=163","url":"https:\/\/kunstpavillon.dk\/?page_id=163","name":"Kunstpavillon.dk - Aalborg Kunstpavillon","isPartOf":{"@id":"https:\/\/kunstpavillon.dk\/#website"},"datePublished":"2022-11-22T20:23:31+00:00","dateModified":"2022-11-22T20:37:06+00:00","description":"Aalborg Kunstpavillon var ogs\u00e5 synlig p\u00e5 www med sin f\u00f8rste website i 1999, der gennem \u00e5rene havde rigtig mange bes\u00f8gende.","breadcrumb":{"@id":"https:\/\/kunstpavillon.dk\/?page_id=163#breadcrumb"},"inLanguage":"da-DK","potentialAction":[{"@type":"ReadAction","target":["https:\/\/kunstpavillon.dk\/?page_id=163"]}]},{"@type":"BreadcrumbList","@id":"https:\/\/kunstpavillon.dk\/?page_id=163#breadcrumb","itemListElement":[{"@type":"ListItem","position":1,"name":"Hjem","item":"https:\/\/kunstpavillon.dk\/"},{"@type":"ListItem","position":2,"name":"Kunstpavillon.dk"}]},{"@type":"WebSite","@id":"https:\/\/kunstpavillon.dk\/#website","url":"https:\/\/kunstpavillon.dk\/","name":"Aalborg Kunstpavillon","description":"Digital scrapbog for 1981-2009","publisher":{"@id":"https:\/\/kunstpavillon.dk\/#organization"},"potentialAction":[{"@type":"SearchAction","target":{"@type":"EntryPoint","urlTemplate":"https:\/\/kunstpavillon.dk\/?s={search_term_string}"},"query-input":"required name=search_term_string"}],"inLanguage":"da-DK"},{"@type":"Organization","@id":"https:\/\/kunstpavillon.dk\/#organization","name":"Aalborg Kunstpavillon","url":"https:\/\/kunstpavillon.dk\/","logo":{"@type":"ImageObject","inLanguage":"da-DK","@id":"https:\/\/kunstpavillon.dk\/#\/schema\/logo\/image\/","url":"https:\/\/kunstpavillon.dk\/wp-content\/uploads\/2022\/11\/kunstpavillon-logo-1.jpg","contentUrl":"https:\/\/kunstpavillon.dk\/wp-content\/uploads\/2022\/11\/kunstpavillon-logo-1.jpg","width":995,"height":1070,"caption":"Aalborg Kunstpavillon"},"image":{"@id":"https:\/\/kunstpavillon.dk\/#\/schema\/logo\/image\/"}}]}},"_links":{"self":[{"href":"https:\/\/kunstpavillon.dk\/index.php?rest_route=\/wp\/v2\/pages\/163"}],"collection":[{"href":"https:\/\/kunstpavillon.dk\/index.php?rest_route=\/wp\/v2\/pages"}],"about":[{"href":"https:\/\/kunstpavillon.dk\/index.php?rest_route=\/wp\/v2\/types\/page"}],"author":[{"embeddable":true,"href":"https:\/\/kunstpavillon.dk\/index.php?rest_route=\/wp\/v2\/users\/1"}],"replies":[{"embeddable":true,"href":"https:\/\/kunstpavillon.dk\/index.php?rest_route=%2Fwp%2Fv2%2Fcomments&post=163"}],"version-history":[{"count":2,"href":"https:\/\/kunstpavillon.dk\/index.php?rest_route=\/wp\/v2\/pages\/163\/revisions"}],"predecessor-version":[{"id":174,"href":"https:\/\/kunstpavillon.dk\/index.php?rest_route=\/wp\/v2\/pages\/163\/revisions\/174"}],"wp:featuredmedia":[{"embeddable":true,"href":"https:\/\/kunstpavillon.dk\/index.php?rest_route=\/wp\/v2\/media\/65"}],"wp:attachment":[{"href":"https:\/\/kunstpavillon.dk\/index.php?rest_route=%2Fwp%2Fv2%2Fmedia&parent=163"}],"curies":[{"name":"wp","href":"https:\/\/api.w.org\/{rel}","templated":true}]}}