{"id":46,"date":"2022-11-18T12:21:46","date_gmt":"2022-11-18T12:21:46","guid":{"rendered":"https:\/\/kunstpavillon.dk\/?page_id=46"},"modified":"2022-11-22T08:51:38","modified_gmt":"2022-11-22T08:51:38","slug":"pavillonavisen","status":"publish","type":"page","link":"https:\/\/kunstpavillon.dk\/?page_id=46","title":{"rendered":"Pavillonavisen"},"content":{"rendered":"\n<div class=\"wp-block-columns is-layout-flex wp-container-core-columns-is-layout-1 wp-block-columns-is-layout-flex\">\n<div class=\"wp-block-column is-layout-flow wp-block-column-is-layout-flow\">\n<h4 class=\"wp-block-heading\"><strong>I \u00e5rene 1985 til 2002 udgav Aalborg Kunstpavillon sit egen informationsavis og nordjyske kunstmagasin, Pavillonavisen.<\/strong><\/h4>\n\n\n\n<figure class=\"wp-block-image size-large\"><img loading=\"lazy\" decoding=\"async\" width=\"1024\" height=\"467\" src=\"https:\/\/kunstpavillon.dk\/wp-content\/uploads\/2022\/11\/Pavillonavisen-logo-scaled-e1668972516784-1024x467.jpg\" alt=\"Aalborg Kunstpavillons Pavillonavis - f\u00f8rste udgave fra 1985, tegnet af S\u00e6rker S\u00f8rensen\" class=\"wp-image-72\" srcset=\"https:\/\/kunstpavillon.dk\/wp-content\/uploads\/2022\/11\/Pavillonavisen-logo-scaled-e1668972516784-1024x467.jpg 1024w, https:\/\/kunstpavillon.dk\/wp-content\/uploads\/2022\/11\/Pavillonavisen-logo-scaled-e1668972516784-300x137.jpg 300w, https:\/\/kunstpavillon.dk\/wp-content\/uploads\/2022\/11\/Pavillonavisen-logo-scaled-e1668972516784-768x351.jpg 768w, https:\/\/kunstpavillon.dk\/wp-content\/uploads\/2022\/11\/Pavillonavisen-logo-scaled-e1668972516784-1536x701.jpg 1536w, https:\/\/kunstpavillon.dk\/wp-content\/uploads\/2022\/11\/Pavillonavisen-logo-scaled-e1668972516784-2048x935.jpg 2048w\" sizes=\"(max-width: 1024px) 100vw, 1024px\" \/><figcaption class=\"wp-element-caption\">Aalborg Kunstpavillons Pavillonavis &#8211; f\u00f8rste udgave fra 1985, tegnet af J\u00f8rn S\u00e6rker S\u00f8rensen<\/figcaption><\/figure>\n\n\n\n<p>Det blev til i alt 35 helt unikke tidsskrifter, hvor udstillinger, kunstnere, foredrag og arrangementer i Kunstpavillonen blev omtalt sammen med aktuel kunst prim\u00e6rt i Nordjylland.<\/p>\n<\/div>\n<\/div>\n\n\n\n<p>Pavillonavisen blev &#8211; som for resten af Kunstpavillonens arbejde &#8211; lavet af frivillig arbejdskraft. Materialer og udsendelse blev sponsoreret af lokale virksomheder og tilskud fra <a href=\"http:\/\/www.aalborg.dk\" target=\"_blank\" rel=\"noreferrer noopener\">Aalborg Kommune<\/a>.<\/p>\n\n\n\n<p>P\u00e5 <a href=\"https:\/\/www.aalborgstadsarkiv.dk\/\" target=\"_blank\" rel=\"noreferrer noopener\">Aalborg Stadsarkiv<\/a> opbevares et fysisk eksemplar af hver Pavillonavis, og nedenfor er nogle eksempler p\u00e5 forsider.<\/p>\n\n\n\n<figure class=\"wp-block-gallery has-nested-images columns-default is-cropped wp-block-gallery-1 is-layout-flex wp-block-gallery-is-layout-flex\">\n<figure class=\"wp-block-image size-full\"><a href=\"https:\/\/kunstpavillon.dk\/wp-content\/uploads\/2022\/11\/Pavillonavisen-1_1985_Side_1-scaled.jpg\"><img loading=\"lazy\" decoding=\"async\" width=\"1772\" height=\"2560\" data-id=\"128\" src=\"https:\/\/kunstpavillon.dk\/wp-content\/uploads\/2022\/11\/Pavillonavisen-1_1985_Side_1-scaled.jpg\" alt=\"Pavillonavisen nr. 1 - 1985\" class=\"wp-image-128\" srcset=\"https:\/\/kunstpavillon.dk\/wp-content\/uploads\/2022\/11\/Pavillonavisen-1_1985_Side_1-scaled.jpg 1772w, https:\/\/kunstpavillon.dk\/wp-content\/uploads\/2022\/11\/Pavillonavisen-1_1985_Side_1-208x300.jpg 208w, https:\/\/kunstpavillon.dk\/wp-content\/uploads\/2022\/11\/Pavillonavisen-1_1985_Side_1-709x1024.jpg 709w, https:\/\/kunstpavillon.dk\/wp-content\/uploads\/2022\/11\/Pavillonavisen-1_1985_Side_1-768x1109.jpg 768w, https:\/\/kunstpavillon.dk\/wp-content\/uploads\/2022\/11\/Pavillonavisen-1_1985_Side_1-1063x1536.jpg 1063w, https:\/\/kunstpavillon.dk\/wp-content\/uploads\/2022\/11\/Pavillonavisen-1_1985_Side_1-1418x2048.jpg 1418w\" sizes=\"(max-width: 1772px) 100vw, 1772px\" \/><\/a><\/figure>\n\n\n\n<figure class=\"wp-block-image size-medium\"><a href=\"https:\/\/kunstpavillon.dk\/wp-content\/uploads\/2022\/11\/Pavillonavisen-27_1999-scaled.jpg\"><img loading=\"lazy\" decoding=\"async\" width=\"212\" height=\"300\" data-id=\"130\" src=\"https:\/\/kunstpavillon.dk\/wp-content\/uploads\/2022\/11\/Pavillonavisen-27_1999-212x300.jpg\" alt=\"Pavillonavisen nr. 27 - 1999\" class=\"wp-image-130\" srcset=\"https:\/\/kunstpavillon.dk\/wp-content\/uploads\/2022\/11\/Pavillonavisen-27_1999-212x300.jpg 212w, https:\/\/kunstpavillon.dk\/wp-content\/uploads\/2022\/11\/Pavillonavisen-27_1999-725x1024.jpg 725w, https:\/\/kunstpavillon.dk\/wp-content\/uploads\/2022\/11\/Pavillonavisen-27_1999-768x1085.jpg 768w, https:\/\/kunstpavillon.dk\/wp-content\/uploads\/2022\/11\/Pavillonavisen-27_1999-1087x1536.jpg 1087w, https:\/\/kunstpavillon.dk\/wp-content\/uploads\/2022\/11\/Pavillonavisen-27_1999-1449x2048.jpg 1449w, https:\/\/kunstpavillon.dk\/wp-content\/uploads\/2022\/11\/Pavillonavisen-27_1999-scaled.jpg 1811w\" sizes=\"(max-width: 212px) 100vw, 212px\" \/><\/a><\/figure>\n\n\n\n<figure class=\"wp-block-image size-medium\"><a href=\"https:\/\/kunstpavillon.dk\/wp-content\/uploads\/2022\/11\/Pavillonavisen-31_2000.jpg\"><img loading=\"lazy\" decoding=\"async\" width=\"212\" height=\"300\" data-id=\"131\" src=\"https:\/\/kunstpavillon.dk\/wp-content\/uploads\/2022\/11\/Pavillonavisen-31_2000-212x300.jpg\" alt=\"Pavillonavisen nr. 31 - 2000\" class=\"wp-image-131\" srcset=\"https:\/\/kunstpavillon.dk\/wp-content\/uploads\/2022\/11\/Pavillonavisen-31_2000-212x300.jpg 212w, https:\/\/kunstpavillon.dk\/wp-content\/uploads\/2022\/11\/Pavillonavisen-31_2000-724x1024.jpg 724w, https:\/\/kunstpavillon.dk\/wp-content\/uploads\/2022\/11\/Pavillonavisen-31_2000-768x1086.jpg 768w, https:\/\/kunstpavillon.dk\/wp-content\/uploads\/2022\/11\/Pavillonavisen-31_2000-1087x1536.jpg 1087w, https:\/\/kunstpavillon.dk\/wp-content\/uploads\/2022\/11\/Pavillonavisen-31_2000.jpg 1240w\" sizes=\"(max-width: 212px) 100vw, 212px\" \/><\/a><\/figure>\n<\/figure>\n\n\n\n<p>J\u00f8rn S\u00e6rker S\u00f8rensen (1939-2007) og <a href=\"https:\/\/www.brunokjaer.dk\/\" target=\"_blank\" rel=\"noreferrer noopener\">Bruno Kj\u00e6r<\/a> lagde ud, og gennem \u00e5rene har rigtig mange kunstnere og kunstinteresserede bidraget til de 35 helt originale udgaver af Pavillonavisen. Der blev dermed sat et gevaldigt aftryk p\u00e5 kunstformidlingen i Nordjylland, som ikke er set siden.<\/p>\n\n\n\n<p><\/p>\n\n\n\n<hr class=\"wp-block-separator has-alpha-channel-opacity\"\/>\n\n\n\n<div class=\"wp-block-comments\">\n\n<\/div>\n","protected":false},"excerpt":{"rendered":"<p>I \u00e5rene 1985 til 2002 udgav Aalborg Kunstpavillon sit egen informationsavis og nordjyske kunstmagasin, Pavillonavisen. Det blev til i alt 35 helt unikke tidsskrifter, hvor udstillinger, kunstnere, foredrag og arrangementer i Kunstpavillonen blev omtalt sammen med aktuel kunst prim\u00e6rt i Nordjylland. Pavillonavisen blev &#8211; som for resten af Kunstpavillonens arbejde &#8211; lavet af frivillig arbejdskraft. [&hellip;]<\/p>\n","protected":false},"author":1,"featured_media":65,"parent":0,"menu_order":0,"comment_status":"open","ping_status":"closed","template":"page-no-separators","meta":{"footnotes":""},"class_list":["post-46","page","type-page","status-publish","has-post-thumbnail","hentry"],"yoast_head":"<!-- This site is optimized with the Yoast SEO plugin v19.12 - https:\/\/yoast.com\/wordpress\/plugins\/seo\/ -->\n<title>Pavillonavisen - Aalborg Kunstpavillon<\/title>\n<meta name=\"description\" content=\"Fra 1985 til 2002 udgav Aalborg Kunstpavillon sit eget gratis kunstmagasin, Pavillonavisen, der udkom hvert kvartal.\" \/>\n<meta name=\"robots\" content=\"index, follow, max-snippet:-1, max-image-preview:large, max-video-preview:-1\" \/>\n<link rel=\"canonical\" href=\"https:\/\/kunstpavillon.dk\/?page_id=46\" \/>\n<meta property=\"og:locale\" content=\"da_DK\" \/>\n<meta property=\"og:type\" content=\"article\" \/>\n<meta property=\"og:title\" content=\"Pavillonavisen - Aalborg Kunstpavillon\" \/>\n<meta property=\"og:description\" content=\"Fra 1985 til 2002 udgav Aalborg Kunstpavillon sit eget gratis kunstmagasin, Pavillonavisen, der udkom hvert kvartal.\" \/>\n<meta property=\"og:url\" content=\"https:\/\/kunstpavillon.dk\/?page_id=46\" \/>\n<meta property=\"og:site_name\" content=\"Aalborg Kunstpavillon\" \/>\n<meta property=\"article:modified_time\" content=\"2022-11-22T08:51:38+00:00\" \/>\n<meta property=\"og:image\" content=\"https:\/\/kunstpavillon.dk\/wp-content\/uploads\/2022\/11\/kunstpavillon-logo-1.jpg\" \/>\n\t<meta property=\"og:image:width\" content=\"995\" \/>\n\t<meta property=\"og:image:height\" content=\"1070\" \/>\n\t<meta property=\"og:image:type\" content=\"image\/jpeg\" \/>\n<meta name=\"twitter:card\" content=\"summary_large_image\" \/>\n<meta name=\"twitter:label1\" content=\"Estimeret l\u00e6setid\" \/>\n\t<meta name=\"twitter:data1\" content=\"2 minutter\" \/>\n<script type=\"application\/ld+json\" class=\"yoast-schema-graph\">{\"@context\":\"https:\/\/schema.org\",\"@graph\":[{\"@type\":\"Article\",\"@id\":\"https:\/\/kunstpavillon.dk\/?page_id=46#article\",\"isPartOf\":{\"@id\":\"https:\/\/kunstpavillon.dk\/?page_id=46\"},\"author\":{\"name\":\"kunst2022\",\"@id\":\"https:\/\/kunstpavillon.dk\/#\/schema\/person\/1b0026b1c0704f2b999eb9a72ead89aa\"},\"headline\":\"Pavillonavisen\",\"datePublished\":\"2022-11-18T12:21:46+00:00\",\"dateModified\":\"2022-11-22T08:51:38+00:00\",\"mainEntityOfPage\":{\"@id\":\"https:\/\/kunstpavillon.dk\/?page_id=46\"},\"wordCount\":146,\"commentCount\":0,\"publisher\":{\"@id\":\"https:\/\/kunstpavillon.dk\/#organization\"},\"inLanguage\":\"da-DK\",\"potentialAction\":[{\"@type\":\"CommentAction\",\"name\":\"Comment\",\"target\":[\"https:\/\/kunstpavillon.dk\/?page_id=46#respond\"]}]},{\"@type\":\"WebPage\",\"@id\":\"https:\/\/kunstpavillon.dk\/?page_id=46\",\"url\":\"https:\/\/kunstpavillon.dk\/?page_id=46\",\"name\":\"Pavillonavisen - Aalborg Kunstpavillon\",\"isPartOf\":{\"@id\":\"https:\/\/kunstpavillon.dk\/#website\"},\"datePublished\":\"2022-11-18T12:21:46+00:00\",\"dateModified\":\"2022-11-22T08:51:38+00:00\",\"description\":\"Fra 1985 til 2002 udgav Aalborg Kunstpavillon sit eget gratis kunstmagasin, Pavillonavisen, der udkom hvert kvartal.\",\"breadcrumb\":{\"@id\":\"https:\/\/kunstpavillon.dk\/?page_id=46#breadcrumb\"},\"inLanguage\":\"da-DK\",\"potentialAction\":[{\"@type\":\"ReadAction\",\"target\":[\"https:\/\/kunstpavillon.dk\/?page_id=46\"]}]},{\"@type\":\"BreadcrumbList\",\"@id\":\"https:\/\/kunstpavillon.dk\/?page_id=46#breadcrumb\",\"itemListElement\":[{\"@type\":\"ListItem\",\"position\":1,\"name\":\"Hjem\",\"item\":\"https:\/\/kunstpavillon.dk\/\"},{\"@type\":\"ListItem\",\"position\":2,\"name\":\"Pavillonavisen\"}]},{\"@type\":\"WebSite\",\"@id\":\"https:\/\/kunstpavillon.dk\/#website\",\"url\":\"https:\/\/kunstpavillon.dk\/\",\"name\":\"Aalborg Kunstpavillon\",\"description\":\"Digital scrapbog for 1981-2009\",\"publisher\":{\"@id\":\"https:\/\/kunstpavillon.dk\/#organization\"},\"potentialAction\":[{\"@type\":\"SearchAction\",\"target\":{\"@type\":\"EntryPoint\",\"urlTemplate\":\"https:\/\/kunstpavillon.dk\/?s={search_term_string}\"},\"query-input\":\"required name=search_term_string\"}],\"inLanguage\":\"da-DK\"},{\"@type\":\"Organization\",\"@id\":\"https:\/\/kunstpavillon.dk\/#organization\",\"name\":\"Aalborg Kunstpavillon\",\"url\":\"https:\/\/kunstpavillon.dk\/\",\"logo\":{\"@type\":\"ImageObject\",\"inLanguage\":\"da-DK\",\"@id\":\"https:\/\/kunstpavillon.dk\/#\/schema\/logo\/image\/\",\"url\":\"https:\/\/kunstpavillon.dk\/wp-content\/uploads\/2022\/11\/kunstpavillon-logo-1.jpg\",\"contentUrl\":\"https:\/\/kunstpavillon.dk\/wp-content\/uploads\/2022\/11\/kunstpavillon-logo-1.jpg\",\"width\":995,\"height\":1070,\"caption\":\"Aalborg Kunstpavillon\"},\"image\":{\"@id\":\"https:\/\/kunstpavillon.dk\/#\/schema\/logo\/image\/\"}},{\"@type\":\"Person\",\"@id\":\"https:\/\/kunstpavillon.dk\/#\/schema\/person\/1b0026b1c0704f2b999eb9a72ead89aa\",\"name\":\"kunst2022\",\"image\":{\"@type\":\"ImageObject\",\"inLanguage\":\"da-DK\",\"@id\":\"https:\/\/kunstpavillon.dk\/#\/schema\/person\/image\/\",\"url\":\"https:\/\/secure.gravatar.com\/avatar\/6e862cc3ac588420365c8cd78e7c9752?s=96&d=mm&r=g\",\"contentUrl\":\"https:\/\/secure.gravatar.com\/avatar\/6e862cc3ac588420365c8cd78e7c9752?s=96&d=mm&r=g\",\"caption\":\"kunst2022\"},\"sameAs\":[\"http:\/\/kunstpavillon.dk\/\"],\"url\":\"https:\/\/kunstpavillon.dk\/?author=1\"}]}<\/script>\n<!-- \/ Yoast SEO plugin. -->","yoast_head_json":{"title":"Pavillonavisen - Aalborg Kunstpavillon","description":"Fra 1985 til 2002 udgav Aalborg Kunstpavillon sit eget gratis kunstmagasin, Pavillonavisen, der udkom hvert kvartal.","robots":{"index":"index","follow":"follow","max-snippet":"max-snippet:-1","max-image-preview":"max-image-preview:large","max-video-preview":"max-video-preview:-1"},"canonical":"https:\/\/kunstpavillon.dk\/?page_id=46","og_locale":"da_DK","og_type":"article","og_title":"Pavillonavisen - Aalborg Kunstpavillon","og_description":"Fra 1985 til 2002 udgav Aalborg Kunstpavillon sit eget gratis kunstmagasin, Pavillonavisen, der udkom hvert kvartal.","og_url":"https:\/\/kunstpavillon.dk\/?page_id=46","og_site_name":"Aalborg Kunstpavillon","article_modified_time":"2022-11-22T08:51:38+00:00","og_image":[{"width":995,"height":1070,"url":"https:\/\/kunstpavillon.dk\/wp-content\/uploads\/2022\/11\/kunstpavillon-logo-1.jpg","type":"image\/jpeg"}],"twitter_card":"summary_large_image","twitter_misc":{"Estimeret l\u00e6setid":"2 minutter"},"schema":{"@context":"https:\/\/schema.org","@graph":[{"@type":"Article","@id":"https:\/\/kunstpavillon.dk\/?page_id=46#article","isPartOf":{"@id":"https:\/\/kunstpavillon.dk\/?page_id=46"},"author":{"name":"kunst2022","@id":"https:\/\/kunstpavillon.dk\/#\/schema\/person\/1b0026b1c0704f2b999eb9a72ead89aa"},"headline":"Pavillonavisen","datePublished":"2022-11-18T12:21:46+00:00","dateModified":"2022-11-22T08:51:38+00:00","mainEntityOfPage":{"@id":"https:\/\/kunstpavillon.dk\/?page_id=46"},"wordCount":146,"commentCount":0,"publisher":{"@id":"https:\/\/kunstpavillon.dk\/#organization"},"inLanguage":"da-DK","potentialAction":[{"@type":"CommentAction","name":"Comment","target":["https:\/\/kunstpavillon.dk\/?page_id=46#respond"]}]},{"@type":"WebPage","@id":"https:\/\/kunstpavillon.dk\/?page_id=46","url":"https:\/\/kunstpavillon.dk\/?page_id=46","name":"Pavillonavisen - Aalborg Kunstpavillon","isPartOf":{"@id":"https:\/\/kunstpavillon.dk\/#website"},"datePublished":"2022-11-18T12:21:46+00:00","dateModified":"2022-11-22T08:51:38+00:00","description":"Fra 1985 til 2002 udgav Aalborg Kunstpavillon sit eget gratis kunstmagasin, Pavillonavisen, der udkom hvert kvartal.","breadcrumb":{"@id":"https:\/\/kunstpavillon.dk\/?page_id=46#breadcrumb"},"inLanguage":"da-DK","potentialAction":[{"@type":"ReadAction","target":["https:\/\/kunstpavillon.dk\/?page_id=46"]}]},{"@type":"BreadcrumbList","@id":"https:\/\/kunstpavillon.dk\/?page_id=46#breadcrumb","itemListElement":[{"@type":"ListItem","position":1,"name":"Hjem","item":"https:\/\/kunstpavillon.dk\/"},{"@type":"ListItem","position":2,"name":"Pavillonavisen"}]},{"@type":"WebSite","@id":"https:\/\/kunstpavillon.dk\/#website","url":"https:\/\/kunstpavillon.dk\/","name":"Aalborg Kunstpavillon","description":"Digital scrapbog for 1981-2009","publisher":{"@id":"https:\/\/kunstpavillon.dk\/#organization"},"potentialAction":[{"@type":"SearchAction","target":{"@type":"EntryPoint","urlTemplate":"https:\/\/kunstpavillon.dk\/?s={search_term_string}"},"query-input":"required name=search_term_string"}],"inLanguage":"da-DK"},{"@type":"Organization","@id":"https:\/\/kunstpavillon.dk\/#organization","name":"Aalborg Kunstpavillon","url":"https:\/\/kunstpavillon.dk\/","logo":{"@type":"ImageObject","inLanguage":"da-DK","@id":"https:\/\/kunstpavillon.dk\/#\/schema\/logo\/image\/","url":"https:\/\/kunstpavillon.dk\/wp-content\/uploads\/2022\/11\/kunstpavillon-logo-1.jpg","contentUrl":"https:\/\/kunstpavillon.dk\/wp-content\/uploads\/2022\/11\/kunstpavillon-logo-1.jpg","width":995,"height":1070,"caption":"Aalborg Kunstpavillon"},"image":{"@id":"https:\/\/kunstpavillon.dk\/#\/schema\/logo\/image\/"}},{"@type":"Person","@id":"https:\/\/kunstpavillon.dk\/#\/schema\/person\/1b0026b1c0704f2b999eb9a72ead89aa","name":"kunst2022","image":{"@type":"ImageObject","inLanguage":"da-DK","@id":"https:\/\/kunstpavillon.dk\/#\/schema\/person\/image\/","url":"https:\/\/secure.gravatar.com\/avatar\/6e862cc3ac588420365c8cd78e7c9752?s=96&d=mm&r=g","contentUrl":"https:\/\/secure.gravatar.com\/avatar\/6e862cc3ac588420365c8cd78e7c9752?s=96&d=mm&r=g","caption":"kunst2022"},"sameAs":["http:\/\/kunstpavillon.dk\/"],"url":"https:\/\/kunstpavillon.dk\/?author=1"}]}},"_links":{"self":[{"href":"https:\/\/kunstpavillon.dk\/index.php?rest_route=\/wp\/v2\/pages\/46"}],"collection":[{"href":"https:\/\/kunstpavillon.dk\/index.php?rest_route=\/wp\/v2\/pages"}],"about":[{"href":"https:\/\/kunstpavillon.dk\/index.php?rest_route=\/wp\/v2\/types\/page"}],"author":[{"embeddable":true,"href":"https:\/\/kunstpavillon.dk\/index.php?rest_route=\/wp\/v2\/users\/1"}],"replies":[{"embeddable":true,"href":"https:\/\/kunstpavillon.dk\/index.php?rest_route=%2Fwp%2Fv2%2Fcomments&post=46"}],"version-history":[{"count":29,"href":"https:\/\/kunstpavillon.dk\/index.php?rest_route=\/wp\/v2\/pages\/46\/revisions"}],"predecessor-version":[{"id":161,"href":"https:\/\/kunstpavillon.dk\/index.php?rest_route=\/wp\/v2\/pages\/46\/revisions\/161"}],"wp:featuredmedia":[{"embeddable":true,"href":"https:\/\/kunstpavillon.dk\/index.php?rest_route=\/wp\/v2\/media\/65"}],"wp:attachment":[{"href":"https:\/\/kunstpavillon.dk\/index.php?rest_route=%2Fwp%2Fv2%2Fmedia&parent=46"}],"curies":[{"name":"wp","href":"https:\/\/api.w.org\/{rel}","templated":true}]}}